{"id":69,"date":"2014-06-23T09:49:03","date_gmt":"2014-06-23T09:49:03","guid":{"rendered":"http:\/\/mirek.majewscy.net\/?page_id=69"},"modified":"2016-04-10T08:11:38","modified_gmt":"2016-04-10T08:11:38","slug":"my-links","status":"publish","type":"page","link":"https:\/\/mirek.majewscy.net\/?page_id=69","title":{"rendered":"my links"},"content":{"rendered":"<p>Strony internetowe moich ksi\u0105\u017cek: <a href=\"http:\/\/majewski.wordpress.com\" target=\"_blank\">http:\/\/majewski.wordpress.com<\/a><br \/>\nMoja, ju\u017c zamkni\u0119ta,\u00a0konferencja MathPAD: <a href=\"http:\/\/mathcas.wordpress.com\" target=\"_blank\">http:\/\/mathcas.wordpress.com<\/a><br \/>\nSymmetrica, m\u00f3j blog po\u015bwi\u0119cony geometrii i sztuce:\u00a0https:\/\/symmetrica.wordpress.com\/<\/p>\n<p>Dynamiczna mapa pogody na \u015bwiecie:<\/p>\n<p><iframe loading=\"lazy\" src=\"https:\/\/embed.windyty.com\/?53.036,18.605,6\" width=\"650\" height=\"500\" frameborder=\"0\"><\/iframe><\/p>\n<p>Dynamiczna mapa pogody z uwzgl\u0119dnieniem zanieczyszcze\u0144:<br \/>\n<iframe loading=\"lazy\" src=\"http:\/\/earth.nullschool.net\/#current\/chem\/surface\/level\/overlay=cosc\/orthographic=-338.93,51.30,1723\/loc=18.683,53.163\" width=\"650\" height=\"500\" frameborder=\"0\"><br \/>\n<\/iframe><\/p>\n","protected":false},"excerpt":{"rendered":"<p>Strony internetowe moich ksi\u0105\u017cek: http:\/\/majewski.wordpress.com Moja, ju\u017c zamkni\u0119ta,\u00a0konferencja MathPAD: http:\/\/mathcas.wordpress.com Symmetrica, m\u00f3j blog po\u015bwi\u0119cony geometrii i sztuce:\u00a0https:\/\/symmetrica.wordpress.com\/ Dynamiczna mapa pogody &hellip;<\/p>\n<p><a href=\"https:\/\/mirek.majewscy.net\/?page_id=69\">Continue reading <span class=\"meta-nav\">&rarr;<\/span><\/a><\/p>\n","protected":false},"author":1,"featured_media":0,"parent":0,"menu_order":0,"comment_status":"closed","ping_status":"closed","template":"","meta":{"footnotes":""},"class_list":["post-69","page","type-page","status-publish","hentry"],"_links":{"self":[{"href":"https:\/\/mirek.majewscy.net\/index.php?rest_route=\/wp\/v2\/pages\/69","targetHints":{"allow":["GET"]}}],"collection":[{"href":"https:\/\/mirek.majewscy.net\/index.php?rest_route=\/wp\/v2\/pages"}],"about":[{"href":"https:\/\/mirek.majewscy.net\/index.php?rest_route=\/wp\/v2\/types\/page"}],"author":[{"embeddable":true,"href":"https:\/\/mirek.majewscy.net\/index.php?rest_route=\/wp\/v2\/users\/1"}],"replies":[{"embeddable":true,"href":"https:\/\/mirek.majewscy.net\/index.php?rest_route=%2Fwp%2Fv2%2Fcomments&post=69"}],"version-history":[{"count":6,"href":"https:\/\/mirek.majewscy.net\/index.php?rest_route=\/wp\/v2\/pages\/69\/revisions"}],"predecessor-version":[{"id":1017,"href":"https:\/\/mirek.majewscy.net\/index.php?rest_route=\/wp\/v2\/pages\/69\/revisions\/1017"}],"wp:attachment":[{"href":"https:\/\/mirek.majewscy.net\/index.php?rest_route=%2Fwp%2Fv2%2Fmedia&parent=69"}],"curies":[{"name":"wp","href":"https:\/\/api.w.org\/{rel}","templated":true}]}}